- (5 + (7 - (0 - 5))))?
42
Evaluate (3 - (5 - -2)) + -6 + -1 + (62 - -8).
59
Evaluate 19 + -34 - (18 - 30) - 71.
-74
What is the value of 2 - (78 + 6 + -24 - (-4 + (1 - -2)))?
-59
What is (1 - -276) + (2402 - 2529)?
150
What is the value of -56 - (13 - 43 - 8)?
-18
What is 16 + 246 + -260 + (-1 - 98)?
-97
What is 106 - (22 + 71 - 55)?
68
Evaluate 71 - (-4 + 0) - (0 - (-2 - -2)).
75
16 + -94 + 141 + -68
-5
7 + -3 + 3 + 24 - (-41 + (62 - 31))
41
Calculate 84 + 25 + (-96 - -50).
63
6 + (84 - (46 + 18)) + 35 + 3
64
What is the value of 207 + -150 - ((5 - 0) + 12 + -13)?
53
What is -40 + 17 - ((10 - 32) + 2)?
-3
Calculate 11 - (-13 - 1 - (2 + (85 - 65))) - -6.
53
-41 + (-1 - 21) + (52 - (43 + -14))
-40
Calculate 73 + -123 + 43 - (8 + (-1 - -2) + -3).
-13
-141 + -41 + (42 + -2 - -40)
-102
Evaluate (-9 + -1 - -18 - -16) + -7 - -31.
48
What is -39 - (9 - 37) - -37?
26
What is the value of -27 - 4 - (15 - (30 - (26 + -13)))?
-29
Calculate -595 + 522 - (2 - 32).
-43
What is (-126 - -22 - -128) + -46 + -1?
-23
34 - 21 - (-5 + 29)
-11
Calculate -4 + (-217 + 217 - ((-2 - 0) + 19)).
-21
What is 22 + -40 + 23 + (25 - -24)?
54
What is the value of -117 + (215 - 10) + -68?
20
What is the value of -47 - (27 + -27) - (15 - -4)?
-66
-70 - (-3 - 35 - -17) - 17
-66
What is the value of -37 + 13 + 54 - 42?
-12
-7 - -75 - (1 + 20 - -3 - 19)
63
Evaluate -42 - -2 - 3 - (49 - (8 + 50)).
-34
Calculate (4 - ((21 - 29) + 2 + 4 + 7)) + -40.
-41
Evaluate 35 + -16 + 12 + 1 - (-1 - 0).
33
What is -194 + 136 + (7 + -16 + -1 - 6)?
-74
What is 697 + -752 + 2 + -4 + (1 - -1)?
-55
110 + (-104 - -201) + -131
76
-25 - (-76 - (-116 + 39))
-26
Evaluate -41 - -27 - (55 + -4 - -3).
-68
(14 + 1 - (-6 - 71)) + (7 - (-5 + 18))
86
What is -50 - (-106 + 71 + -71)?
56
Evaluate (1 + -8 - -2) + 135 + -138 - 21.
-29
What is ((7 - 2) + 1 - -5) + (-95 - -10)?
-74
What is the value of 0 + 5 + -41 + (-12 - (-5 - -5))?
-48
Calculate (159 - 85) + (-16 + 12 - ((-3 - 3) + 2)).
74
What is -2 + 81 - 74 - (-2 + 21)?
-14
What is 2 + -92 + 47 + -12?
-55
Evaluate -97 + -30 - (-74 - 4).
-49
-73 - 27 - (29 - 211)
82
What is the value of -17 + (-47 - (12 + -39)) + 39?
2
Evaluate -5 - -12 - (6 - (-2 + 6)) - 19.
-14
Calculate -99 + 116 + -91 - -6.
-68
12 - (15 + (-19 - (-34 - -21)))
3
What is the value of -10 + 44 + 10 + -8 + -3 + 2?
35
Evaluate -4 + (0 - -12 - (-23 + 33) - 9) - 62.
-73
What is 18 + -18 + (1 - -26) + -128?
-101
What is 56 + (-20 + (8 - -5) - (4 + -1)) + 7?
53
What is -115 - ((20 - -14) + -31 - 13)?
-105
Calculate -28 + 31 + -22 + 8 - (4 - 61).
46
-98 + 142 - 55 - 98
-109
Evaluate -39 + (-37 + 32 - -43) + (3 - (-82 + -1)).
85
What is the value of -85 - (71 - 107) - 19?
-68
58 + -2 - (-1561 - -1633)
-16
Evaluate -14 - (-33 + 38 + -60).
41
Evaluate 104 + -113 - -48 - -67.
106
-78 + -5 + (18 - 40) + 31
-74
Evaluate (-26 - 3) + (-2 - -6) + (-4 - -4).
-25
Calculate -114 - (92 + -273) - 124.
-57
(11 + -1 - 9) + 21 + -10 + -81
-69
(107 + -47 + 1 - (-2 - -5)) + 3 + -1
60
Calculate -2145 - -2001 - (4 + -98).
-50
What is -67 + (2 + 6 - 14) - -1 - 0?
-72
Calculate 68 + -30 + -44 + 57.
51
Evaluate -41 - (-13 + (45 + -41 - 18)).
-14
13 + (13 - 46) + 25 - (-1 + 33)
-27
Evaluate (-1 - (1 - -3)) + (19 - (-5 + -26 + 2)).
43
-21 + -21 + -48 + 1 + 3 + 4 + -15
-97
Evaluate -887 - -766 - (4 + -54).
-71
-52 + 98 + -64 + 68
50
What is 0 + (0 - -59) + (60 - -127 - 182)?
64
-11 + -1 + -16 + (31 - 1) + -8 + -2
-8
Calculate 2 + 18 - (40 - (64 - 45)).
-1
What is 66 + -43 - 170 - (-9 - (9 - 24))?
-153
What is the value of (-2 + 0 - (8 + -3 - 18 - 62)) + 7?
80
Evaluate (-2776 - -2634 - (0 + -24)) + (1 - -18).
-99
What is (-21 - -32) + -96 + 33?
-52
What is -4 - (-10 + -29) - (-17 - -16)?
36
What is (-19 - -52) + -52 + -17?
-36
What is 14 + (-4 + -14 - 17)?
-21
Evaluate (1 + 2 - (7 - (20 + -29))) + 138.
125
Calculate 30 - (14 - 7) - 34 - (-7 - -1).
-5
7 + (-12 - (-13 - ((11 - 7) + -17)))
-5
(52 - -44 - 76 - (9 + 0)) + -55 + 0
-44
-23 + -4 + (3 - 24) + 91
43
What is the value of 5926 - 5934 - ((49 - -1) + -1 + 0)?
-57
Calculate -47 + -5 + -71 + 27.
-96
-79 + (-109 - -200) + (2 - (2 + -1))
13
(-15 - (7 + (18 + -16 - 19))) + -50
-55
What is the value of 32 + 26 + -4 + -129 + 165?
90
What is the value of 63 + -27 + 13 + -15 + 10 + 2?
46
Calculate (462 - 459) + (2 + -1 - (1 - -20)) - 8.
-25
What is the value of -28 - (-14 + 44 + -26 - -64)?
-96
Calculate (67 - 95) + -2 + -8 + -7.
-45
24 - -1 - (176 - (271 - -25))
145
What is -679 + 740 - (-1 + -1 - (-3 - 4))?
56
Evaluate -2 + -1 + 3 - 53 - (210 - (114 + 94)).
-55
Evaluate 191 - 112 - 82 - 119.
-122
What is -60 - 0 - -69 - 4?
5
-55 - (-132 + -40 + 67)
50
What is (2 + -1 - -3) + (3128 - 3143) - 39?
-50
14 - ((1 - (-2 - -2)) + 7 + 9 + -31)
28
Evaluate 179 + -35 + -43 + -242.
-141
What is (3 - (3 + 3) - 42) + (6 - (-6 - -7))?
-40
Calculate (-334 - -347) + (1 - 75) - -22.
-39
What is the value of -2 + -8 - (-31 + 28) - 7 - (1 + 0)?
-15
-7 + (-7 - -8) - (-327 + 329)
-8
Evaluate 113 - (59 + (-22 - -44)).
32
Evaluate (128 - (-28 - -15 - -12 - 22)) + -21.
130
What is the value of (20 + (12 - 22) + -14 + -2 - 3) + -34?
-43
Calculate 1320 - 1324 - (-1 + 39 + -4 + 1).
-39
-22 - -3 - (5 + -14 - (2 - 9 - -4))
-13
Calculate -49 + 4 + 143 + -146 + -2.
-50
What is the value of (-1 - -21) + (-63 - -68) - 57?
-32
What is the value of (-5 - -37) + 8 + 0 + 31 + -29 + 0?
42
Calculate 5 + (-30 + 81 + -71 - (1 - 16)).
0
(5 - -42) + (-52 - (-9 + -27)) - (-2 + 1)
32
Evaluate (4 + -9 + 18 + -16 - 7 - 30) + -9.
-49
Evaluate -55 - (17 - (34 - -124)).
86
What is the value of (-2 + 1 - -51) + 690 + -680 - 5?
55
Evaluate 6 + (14 - 9) - 36 - -72.
47
What is -73 + 73 - (65 + 0) - -3 - (3 + -7)?
-58
Calculate -664 + 735 + (-1 - 57).
13
What is -12 - (-19 + (-78 - -75) + (-1 - -3 - 1))?
9
-51 - (-18 + 5 + 23)
-61
10 + -3 + (-10 - (-41 - (-9 - (-4 - -1))))
32
What is the value of -6 - (-3 - (-20 - -7 - -15 - 10))?
-11
What is the value of (-23 + 71 + -73 - (-18 + 1)) + -16?
-24
25 - (85 - 6) - -101
47
What is -15 - -16 - (8 + -7 + 8)?
-8
Calculate 0 + 5 + (-135 - -194 - 46).
18
Calculate -21 + (48 - 77) - -50.
0
Evaluate -44 - (51 + 83 - 99).
-79
Calculate 11 - (23 + (-12 - (0 + 4 + -14))).
-10
Calculate (44 - -35) + (155 - 134).
100
Evaluate -10 - -3 - (-26 + -10 + -44).
73
What is 65 + -1 - ((10 - (17 + -12)) + -6 + 8)?
57
-13 - (-18 - -13 - -4)
-12
What is -10 - (4 - (11 - (9 - (-1 + -5))))?
-18
What is (0 - (128 + -113)) + (64 - (2 - 0)) + 8?
55
What is the value of (-78 + 119 - 147) + 146?
40
What is the value of (-23 - -22) + 12 + -23 + 74?
62
What is (-8 + 11 - (1 - 1 - 11)) + -2208 + 2206?
12
What is 68 - (45 + 62 - -6)?
-45
Evaluate (-29 - -56) + (-11 - -2) + 11 + -5.
24
13 + (-125 - (1 + -36 - (-245 - -226)))
-96
What is the value of (3 + 10 - (6 - (10 - 13)) - 79) + 13?
-62
-7 + (-6 + -1 + 17 + -40 + 32 - 2)
-7
What is the value of 12 + 1 - 16 - -9 - 11 - -38?
33
Calculate 6 - (6 + (-57 - -52) + 1 + 7).
-3
Calculate 57 - ((-13 - (2 - 45)) + -38).
65
Calculate 27 + -46 + (-17 - 2) + -36.
-74
2 + (2 - -4) + (-1 - 2 - (-4 - 16))
25
Calculate 61845 + -61783 + (0 - (-1 + -9 + -1)).
73
What is 60 - (-22 - -21) - (-2 + (-6 - 1) + 0)?
70
Evaluate -13 + 27 + 45 + -18 + 24.
65
What is the value of (4 - 2 - 33) + (157 - 117)?
9
Calculate -54 - (65 - (54 + 62)).
-3
Evaluate 46 - 9 - 21 - (1 + 4).
11
Calculate 69 - 77 - (1 - (-3 + 19 + 0)) - 61.
-54
What is -5 - (-14 - (-6 + (-5 - -15) + -2)) - -44?
55
-37 - -110 - (-30 - 0 - -19)
84
What is the value of 52 - (23 - (-71 + 40))?
-2
-21 + 1 + (56 - -13)
49
What is the value of -29 + (-2 - 39) + 489 + -406?
13
What is the value of 26 + (-62 - (10 + -95))?
49
Evaluate 166 + -193 + 40 + -12 + 1.
2
What is the value of -8 - (2 + -21 + 387 + -431) - 1?
54
Calculate (-461 - -498) + -47 + 1.
-9
Calculate (16 - (11 - -30)) + 31 - (-1 + 53).
-46
Evaluate 8 - (1 + (19 - 18) + -4 + (-36 - 1)).
47
1 + -30 + (20 - 14 - -17)
-6
Calculate -11 + 1 + (1116 - 1067).
39
Evaluate (-2 + 0 - (-222 - -238)) + 51.
33
Evaluate 8 - (-19 + -29 - -75).
-19
Evaluate -6 + (-18 - (-1 - 16)) - 1.
-8
What is -1 + 11 + (468 - 434)?
44
What is 6 + (-1 - 6 - 66)?
-67
What is the value of 14 + 2 + (0 - (-5 + 24))?
-3
17 + (-14 - 19 - -15 - -11) + -32
-22
What is the value of (35 + -20 + -2 - 25) + -23?
-35